+ 7*h - 9. Let i = -182 + 170. Let g be i/(-32) - 37/(-8). What is r(g)?
1
Let o(h) = -2*h**3 + 25*h**2 + 12*h + 8. Let i be 68/(-1156) + 222/17. Give o(i).
-5
Let j(m) be the first derivative of 2*m**3 + 15*m**2 + 3*m - 4253. What is j(-5)?
3
Let z(t) = -1 + 1 - t + 2. Let i(k) = -1320*k - 117485. Let l be i(-89). Determine z(l).
7
Let c(v) = -2*v**2 - 14 + v**2 + 6*v - 2 + 4 + 6. Give c(0).
-6
Let o be 7 - 2 - (-596)/4. Suppose -128 = -47*q + o. Let a(d) = d**3 - 4*d**2 - 8*d - 4. Calculate a(q).
20
Suppose 4*t + 57 + 67 = 4*r, 139 = 4*r + t. Suppose 3*l = 2*h + 13, r*h + 4 = 38*h. Let q(c) = c**3 - 6*c**2 + 7*c - 11. What is q(l)?
-1
Let o(y) = 3*y**3 + 14*y**2 - 18*y + 16. Let x(v) = -v**3 + v. Let z(k) = o(k) + 4*x(k). Let p be -13*(6 - 7)/1. Determine z(p).
3
Let x = -77 - -80. Let z(r) = -r + 3 + 7*r - x*r - 2*r. Determine z(11).
14
Let b(s) = 0*s + 74 - 6*s + 23*s - 9*s - s. Calculate b(-11).
-3
Let x be (4/6)/(((-8)/12)/1). Let t be -3 - ((-130)/25 - x/5). Let f(u) = 2*u + 0*u**3 - u**3 - 5*u**2 - 3 - t*u + u. Determine f(-5).
-8
Let a = 53 + -95. Let o = -40 - a. Let v(l) = 5*l - 2. What is v(o)?
8
Let k(h) be the third derivative of -5*h**4/8 + 53*h**3/3 + 93*h**2 - 1. Calculate k(8).
-14
Let p(m) = m**3 - 5*m**2 + m - 1. Let t = -359 + 357. Let x(c) = -8*c - 12. Let h be x(t). Determine p(h).
-13
Let b = 16 - -23. Let s = b + -26. Suppose -4*l = -2*a - 37 + s, 0 = -3*l + 9. Let n(i) = -i**3 - 7*i**2 - 8*i - 7. Calculate n(a).
5
Let h(m) = m**2 + 6*m + 9. Let q be 63/36 + -3 - 1/(-4). Let z(j) = 4*j**3 - j**2 + 2*j + 2. Let k be z(q). Calculate h(k).
4
Let q(j) = j + 8. Let g be q(-6). Let p be g/4 - (-14)/(-4). Let d(o) be the first derivative of -o**4/4 - 2*o**3/3 - o**2 + 3*o - 29174. Determine d(p).
18
Let u be (-2491)/8268*-26 - (2/(-12) + 0). Let r(v) = 6 - v + 1 - 2. Calculate r(u).
-3
Let v(p) = -p**2 - 7*p - 5. Suppose 31 = 2*n + 25. Suppose 21 = -n*x + 8*a - 4*a, 0 = 5*x - 2*a + 35. Calculate v(x).
-5
Let t = 5 - 12. Let h(s) = 115*s**2 - 29*s + 1. Let p(n) = 62*n**2 - 15*n. Let g(c) = 7*h(c) - 13*p(c). What is g(t)?
14
Suppose -w = 4*t, 0 = -9*t + 4*t + w. Suppose -4*v + 28 = -3*q + 7, 2*v - 2*q - 12 = t. Suppose v*o + o = -24. Let y(b) = -b**2 - 5*b + 4. Calculate y(o).
-2
Let o = -177 + 179. Let j(f) = -o - 6 - 19*f + 16*f. Calculate j(-6).
10
Let i(p) be the second derivative of -p**2 - 3*p - 25 + 0*p**3 - 1/3*p**4 - 1/20*p**5. Suppose -1 = -r - 5. Determine i(r).
-2
Let b(s) be the third derivative of s**5/60 + s**4/4 + s**3 - 2*s**2 - 77*s. Suppose 3 = -r - 12. Let m be ((-8)/20)/((-1)/r). What is b(m)?
6
Suppose -659 = -36*l + 200 - 247. Let n(r) = r - 14. Calculate n(l).
3
Let m(h) = -h**3 + h**2 + 2*h + 3. Suppose -19*v + 25*v = -39*v - 135. What is m(v)?
33
Suppose m = 17 - 0. Let k = 14 + m. Suppose -4*z - 9 = -5*x, 4*z = 2*x - 5*x + k. Let o(l) = l**2 - 3*l - 7. What is o(x)?
3
Let k(h) = 60906 + 3*h - 20305 - 5*h - 20306 - 20305. Suppose -5*a - 5*s - 13 = 32, 3*a = -4*s - 25. Determine k(a).
12
Let s(k) be the third derivative of 3*k**4/4 + k**3/3 - 49*k**2 + 3. Determine s(-3).
-52
Suppose 0 = y - 4*d - 2 - 16, -y - 3 = 3*d. Let n(w) = -2*w - 8. Let p(z) = 3*z + 10. Let a be 25/(-10) - 15/10. Let u(h) = a*n(h) - 3*p(h). What is u(y)?
-4
Let f = 211 - 207. Suppose 0 = 5*m + 2*d + 21, -f*m + 2*d - 18 = 3*d. Let x(w) = w**2 + 4*w - 2. What is x(m)?
3
Let s(y) = y**3 - 1. Let a(f) = -3*f**3 + 8*f**2 - 9*f - 8. Let j(u) = -a(u) - 4*s(u). Let h be 18/51 + (-7314)/782. Determine j(h).
12
Suppose -5 - 10 = -3*d. Suppose l - 20 = -d*y, -3*y + 39 + 1 = -5*l. Let j(w) be the third derivative of -w**4/24 + w**3/2 - 419*w**2. Determine j(l).
8
Suppose -20*k + 1 = -179. Let d(j) = 8*j - 8. Let f be d(2). Let v(g) = -7*g + 0*g + f*g - 9. Calculate v(k).
0
Suppose -2 = -5*a + 4*a. Let d(s) = -3*s + a*s - 1512 + 1512. Determine d(-5).
5
Suppose 115 = -5*q - 4*b, -5*b = -274*q + 272*q - 13. Let u(t) = 5*t + 91. What is u(q)?
-4
Suppose -8*u - 3*g - 76 = 0, 5*g = g + 16. Let m(s) = 6*s**2 + 65*s - 15. Give m(u).
-4
Let z(m) = -86*m**2 + 10 - 95*m**2 + 180*m**2 + 14*m. Give z(8).
58
Let y(m) be the first derivative of m**3/3 - 5*m**2 + 9*m - 358. Suppose 44 + 10 = 3*l. Suppose l = 10*p - 7*p. Give y(p).
-15
Let i(h) = -94*h**2 - 10*h + 111. Let k(p) = -21*p**2 - 2*p + 28. Let z(o) = -2*i(o) + 9*k(o). Calculate z(9).
-33
Suppose 5*g + 37 = -14*v + 13*v, 5*g + 25 = 5*v. Let h(y) = -y**2 - 14*y - 54. Calculate h(g).
-5
Suppose -y = b - 2*y + 3, -y = 2*b - 9. Let p(v) = -5*v**2 - v**2 + 0*v**2 + 4*v**2 - 9*v + 3*v**b - 3. Calculate p(9).
-3
Suppose 0 + 10 = 5*k. Suppose -4*d - k*n - 20 = 0, d + 5*n + 2 + 3 = 0. Let m(b) = 3 - 3*b**2 + 10*b - 4*b + 9*b**2 + b**3. Calculate m(d).
-2
Let t(d) = d**2 - 11*d - 52. Let v(c) = -173*c - 10883. Let x be v(-63). Give t(x).
28
Let x(k) be the first derivative of -11*k**4/2 - k**2 + 3*k - 1938. Determine x(1).
-21
Let r(p) = -p**3 - 7*p**2 - 7*p + 12. Let z be ((-3)/18)/((-69)/(-828))*(-10)/(-4). Give r(z).
-3
Let c(a) = -6*a - 6. Let k = 2006 + -2010. Give c(k).
18
Let d(o) be the first derivative of 5*o**2/2 - 15*o + 1. Suppose -11 + 38 = -53*l - 26. Let t(i) = -i + 1. Let u(f) = l*d(f) - 4*t(f). What is u(0)?
11
Suppose 3*r - 8 = -20. Let q(c) be the third derivative of 1/6*c**3 - 1/15*c**5 - 1/120*c**6 + 1/4*c**4 - 31*c**2 + 0 + 0*c. Give q(r).
-23
Let b(r) = 2*r**3 - 5*r**2 + 5*r + 5. Suppose -40 - 60 = 25*x. Let i(t) = -3*t**3 + 4*t**2 - 6*t - 5. Let z(j) = x*b(j) - 3*i(j). Give z(-8).
11
Let k(p) = -p + 34. Let o(l) = -349. Let a(g) = -6*k(g) - o(g). Determine a(-27).
-17
Let u(o) = 5676*o - 2838*o - 10 + 9 + o**2 - 2837*o. What is u(-5)?
19
Let p(s) be the second derivative of -s**3 + 3*s**2 + 2263*s. Give p(8).
-42
Let q = -6303 + 6305. Let y(a) be the second derivative of a**q + 0*a**3 + 13*a + 0 - 1/12*a**4. What is y(0)?
2
Let c(g) = -7*g + 2998. Let l(r) = 18*r - 7661. Let f(i) = 23*c(i) + 9*l(i). Let x(n) = -n**3 - n**2 + 4*n. Let p be x(-3). Calculate f(p).
11
Let l(s) = -s**3 + 6*s**2 + 5*s - 9. Suppose -2*o = 15*p - 103, 3*p + 5*o - 10 - 6 = 0. Calculate l(p).
-23
Let p(m) = 4*m + 20 - 18 - 3*m. Let a(z) = -47*z + 88. Let n(o) = 16*o - 29. Let q(i) = -4*a(i) - 11*n(i). Let u be q(3). Give p(u).
5
Let c(m) = -7*m + 3 + 6*m**2 + 0*m**3 + 0*m - m**3 + 0*m**3. Let x(o) = o**3 + 8*o**2 - 22*o - 198. Let u be x(-7). Determine c(u).
-7
Let s(f) = -f**3 - 22*f**2 - 104*f + 19. Let j be s(-15). Let h(y) = 17*y + 3. Let o(v) = -8*v - 1. Let z(p) = 4*h(p) + 9*o(p). Give z(j).
-13
Let i(n) = -n**3 - n**2 + 5*n + 5. Suppose 3*f = -0*f - 2724. Let o = 905 + f. Determine i(o).
8
Suppose -17 - 16 + 15 = -9*a. Let m(c) = 7*c - 8. Calculate m(a).
6
Suppose 7 = -2*a + 11. Suppose -4*o - 5*s = -s - 24, a*o - 6 = -5*s. Let p(l) = 3 - 3*l + 2 - o. Determine p(-2).
3
Suppose -38 - 10 = -6*u. Let y(c) be the first derivative of -c**4/4 + 8*c**3/3 + 6*c - 89. What is y(u)?
6
Let r(d) = 7*d**2 - d - 1. Suppose -8*s + 5*s + 2*i = -25, i = 4*s - 25. Let k be (-5)/s*-5*3/(-15). Calculate r(k).
7
Suppose 17*k - 11 = 12*k + 4*d, 5*k - d - 14 = 0. Suppose -27 = -3*g + k*b, 2*b + 25 = 19. Let y(f) = -3*f + 12. Determine y(g).
-6
Let w(q) = -11*q**3 + 1 + 5*q + 7*q**2 + 12*q**3 + 0*q + 1. Let t = -13 - -25. Suppose -o + 6 = t. What is w(o)?
8
Let q(s) be the first derivative of s**2/2 - 2*s + 1. Let o be (-108)/3*(-5)/10. Let m(w) = w**3 - 18*w**2 + 2*w - 44. Let u be m(o). Calculate q(u).
-10
Let w(m) = -m**2 - 11*m - 9. Let q(a) = -2*a**2 - 22*a + 42. Let z(p) = -2*p**3 + 12*p**2 - 9*p + 41. Let h be z(6). Let x be q(h). Give w(x).
1
Suppose -z + 5*a = -5*z + 79, 2*z - a = 29. Let m be ((-44)/z - -1)/((-2)/8). Let d(g) = g**3 - 8*g**2 + 8*g - 1. Calculate d(m).
6
Let o = -476 - -138. Let k = 334 + o. Let c(r) = -r**3 - 2*r**2 + r + 5. Calculate c(k).
33
Let v(y) = -y**3 + y - 1. Let m(w) = -7*w**3 - 6*w**2 - 12. Let h(n) = -m(n) + 6*v(n). Suppose -2*u - 30 = 2*u + 5*f, -4*u = -3*f + 14. Give h(u).
1
Let x(f) be the first derivative of f**2 + 6*f + 37. Let y(u) = u**2 - u + 3. Let c be y(0). Suppose -c*t = -0 + 15. Determine x(t).
-4
Let x(h) = 1 + 28*h + h**2 - 5*h + h - 14*h. Suppose -12 = -3*w + 6*w. Calculate x(w).
-23
Let d(m) = -5*m**2 + 2*m + 9. Let y(a) = 9*a**2 - 5*a - 18. Suppose -5*l - w = 40, 